*o, 0 = -4*k + 4. Let x(p) = -p**2 - 7*p - 3. Let g be x(-6). What is the remainder when g/((-1)/14*-2) is divided by o?
5
Let t = 4 - 2. Let l = -1 - t. Calculate the remainder when 55/4 + l/(-12) is divided by 5.
4
Suppose 0 = -0*g - g + 63. What is the remainder when g is divided by 22?
19
Let a = -86 - -102. Calculate the remainder when 62 is divided by a.
14
Let s be 2 + -1 - (-65 + 1). Let c = 119 - s. Calculate the remainder when c is divided by 8.
6
Let q = 23 + 26. Calculate the remainder when 192 is divided by q.
45
Suppose 2*s = -4*l + 34, -3*l = 3*s - 2*s - 18. Suppose 2*h = 5*w - 44, 4*h + 16 = -w + 2*w. Calculate the remainder when s is divided by w.
7
Suppose -9*a + 9 = -27. What is the remainder when 18 is divided by a?
2
Let s = 3 + -4. Let x = 15 + s. What is the remainder when x is divided by ((-18)/4 + 2)*-2?
4
Let o = -23 - -12. Let g(q) = q + 16. What is the remainder when (0 - -1)*(1 + 12) is divided by g(o)?
3
Suppose -3*x - 2*r + 156 = 58, -r = -4*x + 116. What is the remainder when x is divided by 8?
6
Suppose 0 = h - 2*m + 35, -4*h - 4*m = -63 + 191. Let o = h + 17. Let k = -11 - o. Calculate the remainder when k is divided by 2.
1
Let w = -57 - -214. Suppose -3*y + w = p, 5*y - 4*p - 69 - 204 = 0. Let v = -35 + 49. What is the remainder when y is divided by v?
11
Let x(t) = -t**3 - 9*t**2 - 12*t - 9. Let i(d) = d**2 + 12. Let r(w) = -w - 7. Let c be r(-7). Calculate the remainder when x(-8) is divided by i(c).
11
Suppose b - 5 = -3. Suppose 10*x + 5*m - 115 = 5*x, -2*x + 5*m + 46 = 0. Calculate the remainder when x is divided by ((-9)/b)/(3/(-4)).
5
Suppose 24*c - 32*c + 64 = 0. Calculate the remainder when 36 is divided by c.
4
Suppose -6*x - 60 = -3*x. Let m be ((-24)/x)/(3/10). Suppose 32 = 2*r + m. What is the remainder when 41 is divided by r?
13
Suppose -3*m = -2*y + 2*m + 1, -5*m - 7 = -4*y. Suppose -z = -22 + y. What is the remainder when z is divided by 5?
4
Let a be (-6 - 6)*1/2. What is the remainder when 41 is divided by -3*(-2 - (-16)/a)?
13
Suppose 5*v - 51 - 69 = 0. What is the remainder when v is divided by ((-9)/(-1))/((-3)/(-3))?
6
Suppose -13 = -3*r + 17. Suppose 0 = -5*j - 3*b + 82, j + 2*b - r = 3*b. What is the remainder when 41 is divided by j?
13
Suppose 6*k + 0*k = 114. What is the remainder when 65 is divided by k?
8
Let d = 162 + -54. What is the remainder when d is divided by 37?
34
Suppose 2*d + 10 = 5*q - 12, 3*q = -3*d + 9. Let g be (-2)/2 - (-2)/(-1). Let w = q - g. What is the remainder when 19 is divided by w?
5
Let u(g) = -g**3 - 19*g**2 + 39*g - 26. Calculate the remainder when 110 is divided by u(-21).
36
Suppose -8*i - 75 = -11*i. What is the remainder when 97 is divided by i?
22
Suppose -2*z - 3*d + 25 = -8, 0 = -2*z - d + 35. What is the remainder when 107 is divided by z?
17
Let a be (6/(-9) - 0)*-6. Suppose -4*f + 30 = 5*y, -a*y = f - 21 - 3. Suppose 0 = -3*c + 4 + 44. Calculate the remainder when c is divided by y.
4
Suppose 0*o = o - 12. Let k(l) = -18*l - 2. Suppose -5*w + 2*d - 2 = -0*w, -2*d - 6 = -w. What is the remainder when k(w) is divided by o?
10
Let n(m) = -65*m + 8. Calculate the remainder when n(-1) is divided by 15.
13
Suppose 0 = 5*m + 181 - 436. What is the remainder when m is divided by 22?
7
Let x be (-23)/1 - (1 - 1). Suppose 2*l - 6 = 2. What is the remainder when x/(-4) + (-2)/(-8) is divided by l?
2
Suppose 0 = u + 4*u - 15. Suppose -2 = u*n - 14. Let d = 8 - 5. Calculate the remainder when n is divided by d.
1
Suppose -s + 5*s = 12. Suppose -10 = 5*d, -s*y + 5*d = -y - 46. Calculate the remainder when y is divided by 10.
8
Calculate the remainder when 51 is divided by (-736)/(-64) + 6/4.
12
Let a(w) = -19*w - 4. What is the remainder when 52 is divided by a(-1)?
7
Suppose 4*p + p - 60 = 0. Calculate the remainder when 47 is divided by p.
11
Suppose -4*b + 17 = -z - 2, -4*z - 11 = -3*b. What is the remainder when 19 is divided by b?
4
Let z(b) = -2*b**2 - 4*b - 4. Let h be z(-4). What is the remainder when 5 is divided by 4/h - (-22)/10?
1
Suppose 2*z + r + 0*r = 31, -81 = -5*z + r. Calculate the remainder when 58 is divided by z.
10
Suppose 858 = -78*n + 84*n. Calculate the remainder when n is divided by 29.
27
Let r = -63 - -77. Calculate the remainder when 41 is divided by r.
13
Let z be -3*(-3)/18*38. Let g = 5 - 3. Let b = z - g. Calculate the remainder when 32 is divided by b.
15
Calculate the remainder when (-27)/12*-10*(-8)/(-10) is divided by 10.
8
Suppose -4*u - 5*p = -201, -5*p - 34 = 5*u - 284. Let z(v) = -4*v + 1. What is the remainder when u is divided by z(-3)?
10
Let y(g) = -g**2 - 7*g - 8. Suppose 5*u - 3 = -3*x, 0 = -2*x - 5*u - 3. What is the remainder when x is divided by y(-3)?
2
Suppose 3*i - 3*k - 24 = 0, 5*i + 4*k - 32 - 8 = 0. Let h(g) = 0 - 3 - 3 + 1 - g**2 + 11*g. Calculate the remainder when h(7) is divided by i.
7
Let i be 1/(-2) + (-1)/(-2). Suppose j - 4*l + 7 = i, 0 = l - 0*l - 3. Suppose 2*q - 5 + 1 = 0. Calculate the remainder when j is divided by q.
1
Suppose -4*c + 30 = c. Calculate the remainder when 22 is divided by c.
4
Let w(r) = -r**3 + 6*r**2 + 9*r. Calculate the remainder when w(7) is divided by 4.
2
Let i = -5 - -14. What is the remainder when 17 is divided by i?
8
Let o = -2 - -14. What is the remainder when 23 is divided by o?
11
Let f(c) = 2*c**2 - 3. What is the remainder when f(-9) is divided by 32?
31
Suppose 0*v + 2*v = -10, -19 = -3*x + 5*v. Let c = 4 + x. Calculate the remainder when c is divided by 2/(-1)*1 + 4.
0
Suppose -2*l = -33 - 97. Let r(h) = 2 + 7*h + 5*h - 7*h. What is the remainder when l is divided by r(4)?
21
Suppose -4*j = 2*d - 80, 3*d - 5*j = 46 + 41. Suppose -2*r + 24 = -0*r. Calculate the remainder when d is divided by r.
10
Suppose -3*m = -60 + 21. What is the remainder when m is divided by 4?
1
Let g = -11 - -44. What is the remainder when g is divided by 14?
5
Let h(v) = -21*v**2 + 9*v - 29. Let i(m) = 5*m**2 - 2*m + 7. Let t(a) = 2*h(a) + 9*i(a). What is the remainder when t(-4) is divided by 14?
11
Let c be (-18)/24*(-28 + 0). Let r = c - 14. Let a(d) = d**3 + 11*d**2 + 7*d - 4. What is the remainder when a(-10) is divided by r?
5
Suppose -6 = 3*v, 40 = -2*p + 6*p + 4*v. Calculate the remainder when 23 is divided by (1 - 2/2) + p.
11
Suppose 5*n = 2*k + 2*k - 213, -4*k + 3*n = -203. What is the remainder when k is divided by 16?
15
Let x = -38 + 79. Calculate the remainder when x is divided by 17.
7
Let u(i) = -4*i - 9. Calculate the remainder when 119 is divided by u(-6).
14
Let j(s) = -3*s - 6. Suppose 0 = 2*g + 3*g - 175. Calculate the remainder when g is divided by j(-6).
11
Suppose -4*t + 34 = -2*d, 2*t = -3*d - 2 + 7. Let i(o) = 6*o - 41. Calculate the remainder when i(10) is divided by t.
5
Suppose 2*x + 2*o - 128 = 0, 3*x + 134 = 5*x - 4*o. Calculate the remainder when x is divided by 17.
14
Let i be (-4)/10 + (-42)/(-5). Suppose 10 = -11*l + 13*l. Suppose 0 = -i*f + l*f + 30. What is the remainder when 19 is divided by f?
9
Let l(q) = q + 9. Let h be l(0). Suppose -3*j = -j - 104. What is the remainder when j is divided by (-2)/h*-3*27?
16
Let v = 13 - -3. Let f(n) = -5*n**3 - 2*n**2 - n. Let x be f(-1). What is the remainder when v is divided by -6*1/x*-6?
7
Suppose -5*z + 0*z + 640 = 0. Calculate the remainder when z is divided by 19.
14
Suppose 0 = x - 4*d - 3, 7*x - 12 = 3*x - d. Suppose x*s + 110 = 8*s. Suppose 13*u + 36 = 19*u. What is the remainder when s is divided by u?
4
Suppose 6*v - 2*v = 0, 2*s - 2*v - 6 = 0. Let m = s + -10. Let n = 1 - m. What is the remainder when 21 is divided by n?
5
Let t = -68 + 135. What is the remainder when t is divided by 23?
21
Let g(y) = 8*y**2. What is the remainder when g(2) is divided by 10?
2
Suppose -2*z + 1 = 3. Let a(i) = 2*i. Let d be a(z). Let l = d + 5. Calculate the remainder when 6 is divided by l.
0
Let u be (0 + -1 + 1)*1. Suppose -7*l + 3*l + 68 = u. What is the remainder when 33 is divided by l?
16
Calculate the remainder when 50 is divided by ((-130)/(-30))/(1/3).
11
Suppose 53 = 4*j - 6*c + 3*c, -57 = -4*j - c. What is the remainder when 265 is divided by j?
13
Suppose 18 = -3*z - 0*z. Let a = -4 - z. Suppose g - 4*w = -1, 7*w = a*w + 20. What is the remainder when 43 is divided by g?
13
Let m(o) = -o**3